f(s) = -2*s + 3. Let t be f(3). Let c = -3 - t. Suppose -2*p - 2*y = -28, -4*p + c*p - 3*y + 52 = 0. What is the units digit of p?
0
Let z = 0 + 33. What is the units digit of z?
3
Let f(t) = -t**3 - 5*t**2 + 5*t - 4. Let g be f(-6). Suppose h - 4 = g*h - 4*x, x = 2. What is the units digit of h?
4
Let p(u) = 5*u + 37. What is the tens digit of p(8)?
7
Let m = 1 - -9. What is the units digit of m/14 - (-6)/21?
1
Let h be (-42)/((-3 + 2)/1). Let w = -20 + h. What is the tens digit of w?
2
Let y be 45*1/(5/3). Suppose -5*m + y + 8 = 0. What is the units digit of m?
7
Let r = -8 + 2. Suppose 0 = -2*k + 3*z - 0 - 20, -4*k + z - 20 = 0. What is the units digit of (r/5)/(k/30)?
9
Suppose -570 = -8*q + 3*q. What is the tens digit of q?
1
Let w(n) = -n**3 + 5*n**2 + 6*n. Let b be w(6). Suppose -3*m = -b*m - 6. Suppose 6 = m*o - 14. What is the units digit of o?
0
Suppose -3*q + 192 = q. Let x = q + -26. What is the tens digit of x?
2
Suppose -g = 2*v + 24, 2*v = 4*g + 7*v + 93. Let z be g/(-8) - (-1)/4. Let r = 10 - z. What is the units digit of r?
7
Let o(s) be the second derivative of s**4/12 + 7*s**3/6 + 3*s**2 + 2*s. Let x be o(-6). Suppose m - p + 3*p = 9, x = -2*p. What is the units digit of m?
9
What is the units digit of 27/6*1*(-3 + 25)?
9
What is the hundreds digit of 165*(-4 + (-14)/(-3))?
1
Let s be 0/((-2)/(-3)*-3). Let j(q) = 4 - 3 + s + 6*q**2. What is the units digit of j(-1)?
7
Suppose -3*u - 48 = -132. Suppose 2*j - u = 48. Suppose j = 3*f - 16. What is the tens digit of f?
1
Suppose o + 319 = 3*z + 23, -20 = -5*o. What is the units digit of z?
0
Let r be ((-2)/2)/(2/2). Let o be 3 + (2/1)/r. What is the units digit of (o - 0) + 1 + -1?
1
Suppose -16 = 4*j, -5*v - 2*j = -7*j - 170. What is the units digit of v?
0
Let r(n) = -n**3 - 2. Let c be r(-2). Suppose k = c*k - 130. What is the tens digit of k?
2
Suppose -4*b - 4 = -5*b. What is the units digit of (b/(-3))/(4/(-6))?
2
Suppose -2*i = -2*p + 10, -5*p - 9 = 4*i + 2. What is the units digit of p?
1
What is the units digit of 40/(1 + (4 - 4))?
0
Let f(k) = -5*k + 23. Let b(v) = -6*v + 24. Let j(z) = -3*b(z) + 4*f(z). What is the units digit of j(-9)?
8
Let j(y) = -4 + y + 5 - 2. What is the units digit of j(2)?
1
Let j(s) be the third derivative of -s**4/8 - s**3/2 + 2*s**2. Let i be j(4). Let l = i + 28. What is the tens digit of l?
1
Let s = -8 + 6. What is the units digit of -1*s*1*2?
4
Let q(b) = 22*b**2 + 1. What is the units digit of q(1)?
3
Let w be ((-4)/(-16))/(1/8). Let a(d) = 26*d - 3. What is the units digit of a(w)?
9
Let h(l) be the third derivative of -l**4/8 + l**3/6 - l**2. What is the units digit of h(-4)?
3
Let t be 4/(-5)*(-925)/10. Suppose -t - 62 = -4*f. What is the tens digit of f?
3
Suppose 5*z + 75 = -4*v, 8*z - v + 17 = 6*z. Let k be ((-9)/(-6))/(6/(-16)). Let n = k - z. What is the units digit of n?
7
Suppose -4*s = 16, -2*s = 4*k - 0*s - 16. Let v be 22/6 + (-4)/k. Suppose -4*g - 32 = -2*b - 2*b, 2*b - 16 = -v*g. What is the units digit of b?
8
Let c(s) = -2*s - 1. Let p be (-4)/(-6) + 60/(-9). What is the tens digit of c(p)?
1
Suppose -5*d - 2*w + 330 = -0*d, w - 5 = 0. What is the tens digit of d?
6
Let r = 10 - 7. Suppose 5*y + r*w = -17 + 4, w + 1 = 0. What is the tens digit of 4/1 + y + 12?
1
Let t(v) = -v**3 + 4*v**2 - v - 4. Let u = 1 + 2. Suppose -w = -2*w + u. What is the units digit of t(w)?
2
Let p(c) = -c**3 - 13*c**2 + 9*c - 7. What is the tens digit of p(-14)?
6
Let n(m) = -m**2 + 6. Let f(y) = -y**2 + y + 5. Suppose 4*d - 20 = 2*b + 4, -32 = 5*b - 3*d. Let p(l) = b*n(l) + 5*f(l). What is the units digit of p(5)?
1
Let z(w) = -w**3 + 7*w**2 + 7*w + 10. Let a(d) = d**2 + 13*d + 8. Let m be a(-13). What is the units digit of z(m)?
2
Let j = -23 - -16. Let b = j + 12. Suppose 8 - 3 = b*g. What is the units digit of g?
1
Let d(i) = -1 + 0 - 5*i + 0*i + 6. What is the units digit of d(-4)?
5
Let c = 229 - 120. What is the hundreds digit of c?
1
Suppose -2*a - 2*m = -72, -a + 2*m = a - 80. What is the tens digit of a?
3
Let l = -635 - -925. What is the hundreds digit of l?
2
Let f(r) = r**2 - 4*r - 10. Let n be f(7). Suppose 0 = 4*d + d - 3*z - 76, 3*d + 2*z - 57 = 0. Let g = d - n. What is the units digit of g?
6
Let c be 3*4/(-12) - -20. Suppose -15*q = -c*q + 12. What is the units digit of q?
3
Let z be (3/9)/(1/(-6)). What is the units digit of (-1)/(z/(48 - 2))?
3
Let u be (5 + -4)*0/(-2). Let x(s) = -2*s**2 + s + 18. What is the units digit of x(u)?
8
Let l be 3*((-12)/(-9) - -1). Let p = -3 + l. What is the units digit of p?
4
Let s = -290 + 444. What is the hundreds digit of s?
1
Let y(i) = -i**2 - i + 19. Let a be (0 - 0)/(-4 - -6). Let w be y(a). Suppose 5*g + 3*s = 38, -4*g + g = -2*s - w. What is the units digit of g?
7
Let k(u) = 2*u - 4. Suppose -58 = -3*z - 4*m - 17, 3 = -z + 2*m. What is the units digit of k(z)?
0
Let r(s) = s**2 - 8*s - 7. Let d = 13 - 4. What is the units digit of r(d)?
2
Suppose -2*r + 105 = 3*r. What is the tens digit of r?
2
Let g(i) = -i**3 + 5*i**2 + i + 2. Let n be g(5). Suppose n*b - 24 = 4*b. What is the units digit of b?
8
Let c = 38 - -28. Suppose -3*y = -c - 39. What is the units digit of y?
5
Suppose 19*x - 653 = 1570. What is the hundreds digit of x?
1
Suppose -50 + 0 = -2*v - 3*j, -3*v = -2*j - 49. What is the units digit of v?
9
Let p(n) = n**2 + 3*n - 1. Let z be p(-3). What is the units digit of z + 3 - -16*2?
4
What is the units digit of 32/8 + -1*2*-75?
4
Let o be (-12)/(-66) - (-436)/22. What is the tens digit of o/(-150) + 557/15?
3
Let s be 3/1 + 2*1. Suppose -7 - 20 = -g. Suppose 0 = -s*b - 5*i + 45, g = 4*b - 7*i + 2*i. What is the units digit of b?
8
Let m(b) = -b + 2. Suppose -8*i - 50 = -3*i. Let k be (-2*1)/((-4)/i). What is the units digit of m(k)?
7
Let p = 43 + -29. What is the tens digit of p?
1
Let c(r) = r**2 - 3*r + 59. What is the tens digit of c(0)?
5
Suppose -5*g - 11 = -4*n, -5*n + g + 50 = 2*g. What is the units digit of n?
9
Let y(x) = -x**3 - 12*x**2 - 10*x + 15. Let f be y(-11). Suppose 0 = -c + f. What is the units digit of c?
4
Suppose -3*h + 10 = 2*z, -5*z + 2*h = -2*h - 48. What is the units digit of z?
8
Suppose -6*f = -9*f + 75. What is the units digit of f?
5
Suppose -5*n = -5*v, 0 = 3*n - 7*v + 3*v + 3. What is the units digit of n?
3
Let n = -86 + 122. What is the tens digit of 10/(2 + n/(-21))?
3
Let n = 2 - -2. Let h(i) = 3*i + 1. What is the units digit of h(n)?
3
Suppose -3*x - 13 = 5*t + 41, 2*t + 5*x + 33 = 0. What is the units digit of 9 - (4 - t/(-3))?
8
Suppose -5*y + 3*k + 6 = 4, 5*k + 30 = -5*y. Let s = y + 15. Suppose -p + 0*p = -s. What is the tens digit of p?
1
Let p(z) = -z + 10. Let f be p(7). Let b(w) = -11*w**2 + w**f - 3*w + 9 + 12*w + 4. What is the units digit of b(10)?
3
Suppose 3*l - 21 - 36 = 2*o, -9 = -3*o. Suppose 0 = -2*n + l + 45. What is the tens digit of n?
3
Let u be -5 - (-8 + 2)/(-3). Let a = u - -11. What is the units digit of a?
4
Suppose 5*d = 704 + 141. What is the tens digit of (-26)/d - 446/(-26)?
1
Suppose 1 - 2 = x - 2*f, -6 = -2*f. Suppose -2*j + x = 3*j. What is the units digit of j?
1
Let v(a) = a**2 - 17*a + 11. Let i be v(16). Let q(s) = s + 6. Let m be q(-6). Let p = m - i. What is the units digit of p?
5
Suppose -2*n - 11 = 2*o + 27, -69 = 3*n - 3*o. Let d = n - -41. What is the tens digit of d?
2
Let k(o) = 0*o + 2*o - 7 - 4*o + o. What is the units digit of k(-8)?
1
Let v be (-6)/(-9) - (-20)/6. Suppose -9*n = -v*n + 60. What is the units digit of (-63)/n + 6/8?
6
Let z(r) = -2 + 10 + 36*r**2 + r + r**3 - 37*r**2. What is the units digit of z(0)?
8
Let j be 6*(-2 + 14/6). Suppose -2*h = 10, -2*h - 20 = j*b - 3*b. What is the units digit of b?
0
Suppose -2*w + 20 = -2. What is the tens digit of w?
1
Suppose -4*j + 34 = 2*z, -4*j - 155 = -z - 4*z. What is the tens digit of z?
2
Suppose 97 + 123 = 5*f. Suppose -2*u + 4*a + a + 22 = 0, -4*u + f = -a. Suppose -5*h + u = -24. What is the units digit of h?
7
Suppose -28*z + 356 = -24*z. What is the units digit of z?
9
Suppose -1 = 2*x - 13. Suppose -3*h - 3*i - x = 0, 3*h + 0 = 2*i + 9. What is the units digit of h?
1
Suppose u = -3*u + 112. Suppose -3*q + u + 8 = 0. What is the units digit of q?
2
Suppose 0 = 3*o - 6*o - 3. What is the units digit of (0 + -1)/(o/